et o(m) = -4*m**3 - 301*m**2 - 103*m - 2110. Calculate o(-75).
-10
Let i(u) = 2971*u + 3419. Give i(-1).
448
Let x(r) = -23*r**2 - 750*r + 106. Calculate x(-33).
-191
Let a(h) = 2*h**3 - 125*h**2 + 51*h + 488. Calculate a(0).
488
Let w(o) = -166*o**2 - 45*o - 17. Give w(4).
-2853
Let q(h) = 916*h + 54117. Determine q(-59).
73
Let j(o) = 3174*o + 108067. Calculate j(-34).
151
Let r(y) = -9*y**3 - 72*y**2 - 185*y - 2. Calculate r(-4).
162
Let x(h) = -2*h**3 + 178*h**2 + 113*h + 6024. What is x(90)?
-6
Let k(l) = -3*l**2 + 35*l + 725. Give k(-14).
-353
Let o(t) = -t**3 - 3*t**2 + 21*t + 3574. What is o(14)?
536
Let f(k) = 5*k**3 + 6570*k**2 - 306*k - 402094. Give f(-1314).
-10
Let o(x) = -2*x**2 - 180*x - 2124. Give o(-14).
4
Let m(f) = 470*f + 30166. Calculate m(-65).
-384
Let b(c) = 31*c**3 + 39*c**2 - 149*c + 370. Calculate b(3).
1111
Let b(x) = 29074*x + 87280. Calculate b(-3).
58
Let a(x) = 537*x + 16556. What is a(-31)?
-91
Let w(y) = -2510*y - 59369. Give w(-24).
871
Let l(t) = t**3 - 4*t**2 - 121720*t + 486865. Calculate l(4).
-15
Let d(g) = -6*g**2 + 4154*g - 193891. Give d(642).
-7
Let s(q) = 907*q + 37126. Determine s(-41).
-61
Let o(x) = 3*x**3 - 295*x**2 - 522*x + 1752. Give o(100).
-448
Let p(s) = -385*s**2 - 1365*s - 5449. What is p(-4)?
-6149
Let v(h) = -h**3 + 481*h**2 + 2634*h - 572086. Determine v(484).
2
Let a(f) = 5*f**2 - 83*f - 7833. What is a(-38)?
2541
Let d(n) = -211173*n + 633504. Calculate d(3).
-15
Let r(o) = -19650*o + 39254. Calculate r(2).
-46
Let c(f) = -6*f + 1224. Give c(199).
30
Let c(q) = 7*q**3 - 29*q**2 - 75*q + 257. Calculate c(4).
-59
Let j(h) = -2*h**3 + 19*h**2 - 185*h + 1519. Give j(9).
-65
Let r(d) = -7*d**3 - 1940*d**2 + 1629*d - 10834. What is r(-278)?
8
Let x(p) = -p**3 + 69*p**2 + 243*p - 12233. Give x(70).
-123
Let h(d) = 180*d**2 - 214*d + 433. Give h(2).
725
Let d(s) = -1111*s**2 - 4548*s - 9. Determine d(-4).
407
Let g(a) = a**2 - 181*a - 1729. Give g(-9).
-19
Let t(h) = -233*h**3 - 17*h**2 - 10*h + 1. Give t(-1).
227
Let t(i) = -27*i**3 + 8*i**2 - 48*i + 202. What is t(5)?
-3213
Let t(g) = -g**2 + 13*g + 20. What is t(15)?
-10
Let u(v) = -v**3 + 234*v**2 - 1364*v - 961. What is u(228)?
-49
Let y(c) = -19163*c + 229949. Calculate y(12).
-7
Let b(w) = -w**3 - 224*w**2 + 13699*w - 13. Determine b(50).
-63
Let j(q) = 827*q + 13450. Give j(-13).
2699
Let w(f) = 18678*f - 115376. Determine w(6).
-3308
Let l(g) = -g**3 + 483*g**2 + 9031*g - 6564. Give l(501).
-51
Let r(s) = 2*s**3 - 37*s**2 - 166*s + 2116. Determine r(20).
-4
Let u(g) = 4*g**2 - 241*g + 668. Calculate u(63).
1361
Let q(m) = -m**3 - 372*m**2 - 1118*m - 4136. Give q(-369).
-77
Let c(p) = -p**3 - 804*p**2 + 268732*p - 6. Calculate c(-1058).
-6
Let r(n) = 5*n**3 + 1193*n**2 + 433*n + 217728. What is r(-239)?
-1
Let g(r) = 564*r - 33829. Calculate g(60).
11
Let s(q) = -3*q**2 + 589*q - 17316. Determine s(36).
0
Let g(q) = 123*q**3 - 32*q**2 - 66*q - 3. Calculate g(-2).
-983
Let q(a) = -4112*a**2 + 37079*a - 624. Calculate q(9).
15
Let s(d) = 2*d**3 - 2190*d**2 + 8712*d + 17458. What is s(1091)?
2
Let b(p) = -2*p**3 + 4*p**2 - 22636*p - 5. Determine b(0).
-5
Let o(u) = -51170*u + 31623056. Determine o(618).
-4
Let l(y) = 22*y**2 - 365*y + 303. What is l(18)?
861
Let d(n) = 10*n**2 - 6520*n + 609077. Calculate d(539).
7
Let d(s) = 3*s + 999. Give d(12).
1035
Let t(d) = d**3 - 156*d**2 + 1882*d - 77. Calculate t(13).
222
Let f(c) = -c**3 + 16*c**2 - 104*c - 748. Calculate f(-7).
1107
Let i(a) = 17201*a + 292407. What is i(-17)?
-10
Let w(p) = 517640*p + 4141102. Determine w(-8).
-18
Let q(t) = 93008*t + 92978. Calculate q(-1).
-30
Let b(u) = u**3 + 21*u**2 - 346*u - 1236. What is b(13)?
12
Let c(n) = -14*n**3 - 1890*n**2 + 13933*n + 2423. Give c(-142).
9
Let r(f) = f**2 - 14504*f - 961443. Give r(-66).
177
Let k(a) = -104*a + 2293. Give k(30).
-827
Let y(z) = 338*z**2 - 308*z. Calculate y(1).
30
Let v(x) = x**3 + 19*x**2 + 8*x - 924. Determine v(-13).
-14
Let j(f) = f**3 - 9*f**2 - 773*f - 896. Determine j(-23).
-45
Let i(m) = -m**3 - 12*m**2 + 56*m + 98. Give i(-14).
-294
Let k(h) = 11*h**2 + 4*h + 7. Give k(3).
118
Let t(s) = 4*s**2 - 587*s + 1542. Give t(143).
-603
Let z(w) = -766*w - 199908. Give z(-261).
18
Let n(k) = -1647*k + 9891. What is n(6)?
9
Let y(k) = -1995*k - 6979. What is y(-3)?
-994
Let d(l) = 2*l**3 - 14*l**2 - 249*l - 996. Determine d(-4).
-352
Let f(v) = -15657*v + 125179. What is f(8)?
-77
Let i(u) = -u**3 + 18*u**2 + 1765*u - 30301. Determine i(17).
-7
Let c(q) = -q**3 + 341*q**2 - 167*q + 56964. Give c(341).
17
Let f(k) = -12*k**3 - 19*k**2 + 142*k - 235. Give f(4).
-739
Let y(o) = 67*o - 3624. Give y(56).
128
Let j(p) = -p**3 - 8*p**2 + 2442*p + 12280. Determine j(-5).
-5
Let v(f) = -f**2 + 35*f + 4268. Give v(60).
2768
Let q(d) = -193*d - 27210. What is q(-141)?
3
Let c(n) = -n**3 - 2*n**2 - 373*n - 10. Calculate c(0).
-10
Let k(y) = -y**3 + 27*y**2 - 178*y + 157. Give k(9).
13
Let r(f) = f**3 + 64*f**2 - 152*f - 4807. Determine r(-8).
-7
Let l(i) = -i**3 + 291*i**2 + 1859*i - 22865. Calculate l(297).
4
Let q(x) = -931*x - 3394. What is q(-3)?
-601
Let k(b) = -3*b**3 + 2*b**2 + 41*b + 76. Determine k(-2).
26
Let j(f) = 8*f**2 + 206*f + 130. Determine j(-29).
884
Let q(y) = 2*y**2 - 480*y + 27141. What is q(148)?
-91
Let f(r) = 1580*r - 3238. Give f(4).
3082
Let u(a) = 2*a**2 - 72747*a - 1091649. Determine u(-15).
6
Let o(y) = -859*y - 35435. Give o(-34).
-6229
Let p(g) = -58295*g - 116823. What is p(-2)?
-233
Let l(k) = k**3 - 195*k**2 + 1022*k - 160626. Determine l(194).
6
Let d(c) = 881*c + 3565. What is d(-4)?
41
Let p(h) = -49107*h - 9870493. Calculate p(-201).
14
Let c(o) = -o**3 + 145*o**2 + 75115*o - 212. Determine c(-211).
-1
Let c(d) = d**3 + 192*d**2 + 174*d - 3622. What is c(-191)?
-375
Let t(z) = 453221*z - 2719336. Determine t(6).
-10
Let o(f) = 57731*f + 519581. What is o(-9)?
2
Let p(j) = 2*j**2 + 17004*j - 68009. What is p(4)?
39
Let c(h) = 1827*h - 47503. Determine c(26).
-1
Let p(d) = -d**3 + 327*d**2 - 3790*d + 3160. Calculate p(315).
10
Let p(t) = 3*t**3 - 387*t**2 - 11*t + 1497. Determine p(129).
78
Let j(a) = 22*a**2 + 70*a + 82. What is j(8)?
2050
Let g(j) = 21942*j - 153604. What is g(7)?
-10
Let i(v) = -3*v**3 - 79*v**2 - 3*v + 13. Determine i(-26).
-585
Let o(r) = -47912*r + 9151209. What is o(191)?
17
Let z(b) = 17*b**3 + 88*b**2 - 56*b - 42. Give z(-6).
-210
Let n(f) = 41092*f + 82172. Determine n(-2).
-12
Let a(r) = 1773*r - 136649. Calculate a(77).
-128
Let n(o) = o**3 + 19*o**2 + 3*o - 457. Give n(-19).
-514
Let n(b) = -b**3 - b**2 + 22174*b - 88623. What is n(4)?
-7
Let w(t) = 92*t**2 + 57702*t - 46449. Calculate w(-628).
23
Let t(x) = -11*x**3 + 28*x**2 - 204*x + 400. What is t(2)?
16
Let a(i) = -16*i**3 - 1695*i**2 + 101*i - 470. What is a(-106)?
60
Let z(u) = 2*u**2 + 1857*u - 32091. Give z(17).
56
Let x(y) = -82*y**2 + 89*y - 30. What is x(1)?
-23
Let a(o) = o**2 + 224*o - 19238. What is a(67)?
259
Let v(a) = 12*a**3 + 19119*a**2 + 4782*a + 4814. Calculate v(-1593).
35
Let m(c) = -c**2 - 7843*c - 23521. Calculate m(-3).
-1
Let i(x) = 27094*x + 1408877. Give i(-52).
-11
Let i(g) = -755*g - 18049. Calculate i(-24).
71
Let j(p) = p**2 - 2*p - 1902. Determine j(43).
-139
Let k(b) = -b**3 + 77*b**2 - 153*b - 31. Determine k(75).
-256
Let v(p) = -148*p + 4191. Give v(28).
47
Let a(g) = -2*g**2 + 1279*g - 150270. Give a(484).
254
Let t(q) = -5*q**2 + 197*q + 13952. Calculate t(76).
44
Let a(y) = -29*y**2 + 173*y - 166. What is a(6)?
-172
Let c(r) = -1121*r + 396874. What is c(354)?
40
Let y(x) = -6*x**2 - 299*x + 760. Give y(-54).
-590
Let w(b) = 5390*b + 75384. Give w(-14).
-76
Let m(k) = k**2 + 11330*k + 22655. Calculate m(-2).
-1
Let n(b) = 4*b**3 + 188*b**2 - 1034*b + 368. Give n(-52).
56
Let y(q) = -12*q**3 + 1462*q**2 + 274*q - 307. Calculate y(122).
3353
Let j(s) = s**3 + 43*s**2 - 36201*s - 1529. What is j(170)?
1
Let j(n) = n**2 - 3246*n + 43. What is j(0)?
43
Let h(j) = -3*j**2 - 345*j - 1744. Give h(-5).
-94
Let a(y) = 909*y - 85458. Determine a(94).
-12
Let m(y) = -932*y**2 - 14875*y + 635. What is m(-16)?
43
Let z(d) = 221*d - 17445. Calculate z(85).
1340
Let o(i) = -i**3 + 325*i**2 + 7339*i - 25259. Calculate o(346).
-1
Let g(v) = 1351*v - 190363. Calculate g(141).
128